2.
14
What is the highest common divisor of 15 and 1046505?
15
What is the highest common factor of 129734 and 22?
22
What is the greatest common divisor of 57312 and 198?
18
What is the greatest common factor of 1015 and 19705?
35
What is the highest common factor of 30 and 8982?
6
What is the highest common factor of 3759358 and 358?
358
Calculate the highest common factor of 3395 and 175.
35
What is the highest common factor of 287982 and 54?
54
What is the highest common factor of 1496 and 84898?
374
What is the greatest common divisor of 270 and 14010?
30
What is the highest common divisor of 1096 and 193033?
137
Calculate the greatest common divisor of 8 and 989632.
8
What is the highest common divisor of 6942 and 76752?
78
Calculate the highest common divisor of 3275227 and 4138.
2069
What is the greatest common divisor of 383899 and 397?
397
Calculate the greatest common divisor of 2452 and 5164.
4
What is the greatest common divisor of 443805 and 15?
15
Calculate the highest common divisor of 1419851 and 19.
19
Calculate the highest common divisor of 3936 and 366.
6
What is the greatest common factor of 5480150 and 13?
13
Calculate the greatest common factor of 37772 and 1540.
28
What is the greatest common factor of 618 and 9654?
6
Calculate the highest common divisor of 3 and 1789269.
3
What is the highest common divisor of 2402485 and 183?
61
Calculate the greatest common divisor of 95556 and 28.
4
What is the highest common factor of 91 and 48685?
91
What is the greatest common divisor of 12 and 66904?
4
What is the greatest common divisor of 8538 and 678?
6
What is the highest common factor of 83 and 145499?
83
What is the highest common factor of 25210 and 30?
10
Calculate the greatest common divisor of 14914564 and 56.
28
What is the greatest common divisor of 287 and 17671?
41
What is the greatest common divisor of 3416 and 1575?
7
What is the highest common divisor of 5172 and 51?
3
What is the highest common divisor of 63 and 14903?
7
Calculate the highest common divisor of 84 and 150276.
84
Calculate the highest common divisor of 26652 and 156.
12
Calculate the highest common factor of 17030 and 1010010.
1310
Calculate the greatest common factor of 67280 and 435.
145
Calculate the greatest common factor of 630 and 1058960.
70
Calculate the highest common divisor of 11282 and 48.
2
What is the greatest common divisor of 848810 and 340?
170
What is the greatest common divisor of 909040 and 352?
176
Calculate the highest common factor of 56763 and 80189.
901
Calculate the highest common divisor of 1566 and 12006.
522
Calculate the highest common factor of 474 and 438.
6
What is the greatest common divisor of 55 and 602030?
55
Calculate the greatest common factor of 192 and 13344.
96
Calculate the highest common divisor of 25485 and 10.
5
What is the greatest common divisor of 12629 and 1387?
73
Calculate the greatest common divisor of 33 and 254991.
33
What is the highest common factor of 3078612 and 12?
12
Calculate the highest common factor of 1629145 and 35.
35
What is the greatest common divisor of 9803198 and 23?
23
What is the highest common divisor of 82 and 1789691?
41
Calculate the highest common divisor of 33356 and 2108.
124
Calculate the greatest common divisor of 59700 and 300.
300
What is the greatest common divisor of 32516 and 836?
44
What is the greatest common factor of 224236 and 244?
244
What is the highest common divisor of 5069 and 592?
37
Calculate the highest common factor of 162 and 11856132.
162
Calculate the highest common factor of 436050 and 1900.
950
Calculate the highest common divisor of 8582 and 10.
2
Calculate the highest common divisor of 19 and 20311.
19
Calculate the highest common factor of 1268 and 166.
2
Calculate the highest common divisor of 90426 and 42.
42
Calculate the highest common divisor of 6041 and 35.
7
What is the highest common factor of 33453 and 1134?
567
What is the highest common factor of 1566 and 474237?
261
What is the greatest common factor of 600156 and 108?
108
Calculate the greatest common divisor of 111 and 35298.
111
Calculate the highest common factor of 54212 and 4.
4
What is the highest common factor of 237 and 102463?
79
What is the greatest common factor of 65588 and 329666?
1726
What is the greatest common factor of 145 and 5855?
5
Calculate the greatest common divisor of 3213 and 12.
3
Calculate the greatest common factor of 516 and 6551652.
516
What is the greatest common factor of 130857 and 159?
159
What is the greatest common factor of 424 and 53224?
8
What is the highest common factor of 39337 and 417?
139
Calculate the highest common divisor of 13122 and 16281.
243
What is the highest common divisor of 234 and 1063647?
117
Calculate the greatest common divisor of 1488 and 172704.
48
What is the greatest common factor of 134582 and 112?
14
Calculate the greatest common divisor of 436 and 45671.
109
What is the greatest common factor of 1386 and 455238?
126
What is the highest common factor of 773 and 10?
1
Calculate the greatest common factor of 8091 and 61752.
93
Calculate the greatest common factor of 198768 and 1818.
606
What is the greatest common factor of 18 and 171?
9
What is the greatest common factor of 127 and 34163?
127
What is the greatest common factor of 71480 and 5?
5
Calculate the highest common divisor of 75 and 123150.
75
What is the greatest common factor of 117 and 166023?
117
Calculate the highest common factor of 20 and 243730.
10
What is the greatest common divisor of 40 and 872120?
40
What is the highest common divisor of 138 and 826436?
46
Calculate the greatest common factor of 506 and 172546.
506
Calculate the highest common divisor of 720 and 2551320.
360
Calculate the greatest common divisor of 295 and 8142.
59
What is the highest common divisor of 8801 and 1664?
13
Calculate the highest common divisor of 182 and 3403127.
91
Calculate the greatest common divisor of 28702 and 1778.
254
Calculate the greatest common factor of 641382 and 14.
14
Calculate the highest common divisor of 120 and 149240.
40
What is the highest common divisor of 68840 and 24?
8
What is the highest common factor of 1409940 and 1215?
135
Calculate the highest common divisor of 48 and 180256.
16
Calculate the greatest common divisor of 24948 and 276892.
308
What is the greatest common divisor of 551 and 3287?
19
What is the highest common divisor of 367755 and 105?
15
Calculate the greatest common divisor of 1120 and 12.
4
Calculate the highest common divisor of 450 and 101025.
225
Calculate the greatest common divisor of 1692578 and 2336.
146
Calculate the greatest common divisor of 407 and 2153.
1
What is the greatest common divisor of 2030 and 35?
35
What is the highest common factor of 179838 and 1458?
18
What is the highest common divisor of 21659 and 39738?
179
What is the greatest common factor of 4300491 and 39?
39
What is the greatest common factor of 1225 and 1905050?
175
What is the highest common divisor of 630 and 90?
90
What is the greatest common divisor of 285 and 123030?
15
Calculate the highest common divisor of 390056 and 16.
8
Calculate the highest common divisor of 54004 and 2668.
92
What is the highest common factor of 425427 and 1308?
327
Calculate the greatest common divisor of 327 and 537.
3
What is the greatest common divisor of 104676 and 143?
143
Calculate the highest common factor of 55883 and 47.
47
What is the greatest common factor of 25914 and 1889871?
1851
Calculate the greatest common factor of 552 and 90942.
138
What is the greatest common divisor of 14315996 and 236?
236
What is the highest common factor of 1305 and 282402?
261
What is the highest common divisor of 23313 and 26176?
409
What is the greatest common factor of 7787 and 434275?
599
What is the greatest common factor of 29488 and 32?
16
Calculate the highest common factor of 8 and 2771.
1
Calculate the highest common divisor of 1216 and 37487.
19
What is the highest common divisor of 702895 and 4376?
547
What is the greatest common factor of 77580 and 180?
180
What is the greatest common divisor of 110946 and 2046?
66
Calculate the greatest common divisor of 1377 and 6902.
17
Calculate the highest common factor of 33867 and 6319.
71
Calculate the h